t is -314 - 30408?
-30723
In base 6, what is 225551450 - 55?
225551351
In base 10, what is 96731694 + -5?
96731689
In base 11, what is 4867 - -24519?
29285
In base 7, what is 4306103354 - 1?
4306103353
In base 15, what is -295c + -2da?
-2c47
In base 16, what is 1e + -167ee?
-167d0
In base 8, what is 66670 + 16716?
105606
In base 13, what is 1 + -55b6843b?
-55b6843a
In base 11, what is -419a22 - 4?
-419a26
In base 10, what is 6221362 - 3?
6221359
In base 9, what is 1131221508 - 1?
1131221507
In base 6, what is 4143 - 2122414?
-2114231
In base 10, what is -3101 - -209?
-2892
In base 14, what is -210d4c8 - -3?
-210d4c5
In base 6, what is -505324524 + -25?
-505324553
In base 2, what is 10101100011001101101000 + 1010?
10101100011001101110010
In base 7, what is 1140 - -3603266?
3604436
In base 8, what is -4 + 2713634?
2713630
In base 11, what is 9444040a + 1?
94440410
In base 16, what is 6 - -125bcd?
125bd3
In base 16, what is 7 + -e26d85?
-e26d7e
In base 3, what is -20000 + -102122120202?
-102122210202
In base 12, what is -2a9 - -a64ab?
a6202
In base 4, what is 103 - 12333311221?
-12333311112
In base 5, what is 1031003 - 30?
1030423
In base 13, what is -385 - -2ca71?
2c6b9
In base 13, what is -256 - -aa68?
a812
In base 11, what is 2 - -569707?
569709
In base 4, what is -1220120 + 13112?
-1201002
In base 3, what is 1222111110120 + -111020?
1222110222100
In base 13, what is -36499c7 - 4?
-36499cb
In base 5, what is -111201233 + 13?
-111201220
In base 6, what is 3 + 1320141322?
1320141325
In base 15, what is 572719 - 14?
572705
In base 15, what is b1c8 + 310b?
e2d4
In base 11, what is -5 + 1289321?
1289317
In base 13, what is 58 + -2747c3?
-274768
In base 8, what is 6052 - -2552?
10624
In base 9, what is -242 + -15656?
-16008
In base 14, what is 6 + 25acaa6?
25acaac
In base 3, what is 1010200110002 - 1201022?
1010121201210
In base 13, what is -5 - -abcc17?
abcc12
In base 16, what is -a7bf3a + 1d?
-a7bf1d
In base 11, what is 58a184 + -10?
58a174
In base 12, what is 56819170 + -4?
56819168
In base 3, what is -11200 - -12220220210010?
12220220121110
In base 16, what is 27b4c8 - -e?
27b4d6
In base 7, what is -61 - 165305?
-165366
In base 10, what is 3 + 21316189?
21316192
In base 14, what is -4ca268 - 1?
-4ca269
In base 6, what is -120514 + -125224?
-250142
In base 7, what is -406353265 - -1?
-406353264
In base 15, what is 1 + -27d6a2?
-27d6a1
In base 4, what is -12 - 1312000322?
-1312001000
In base 13, what is ac417 - -42?
ac459
In base 4, what is -10111320 + 2121?
-10103133
In base 5, what is 3014310131 - 214?
3014304412
In base 5, what is 442144 - -21?
442220
In base 11, what is 4 - 925989?
-925985
In base 12, what is -85 - 5aa12?
-5aa97
In base 6, what is -143255 - -452?
-142403
In base 5, what is 13 - 231034301?
-231034233
In base 2, what is 1010000001111110000 + -110100?
1010000001110111100
In base 5, what is 2442421304 - -10?
2442421314
In base 5, what is 2240421241311 + -3?
2240421241303
In base 6, what is 0 - 1113034?
-1113034
In base 16, what is -1d00299d - 5?
-1d0029a2
In base 2, what is 111010111111010001000 + -101?
111010111111010000011
In base 2, what is -10000000100011 - -1100111101?
-1110011100110
In base 11, what is a570031 - 2?
a57002a
In base 6, what is -24 - -242051353?
242051325
In base 10, what is -98 + -1552662?
-1552760
In base 15, what is 17 + 1d3b87?
1d3b9e
In base 2, what is -1010001101000111110010 - -111?
-1010001101000111101011
In base 8, what is 1003 + 56621?
57624
In base 16, what is 3 - -e88b5?
e88b8
In base 13, what is 5 - -1982b?
19833
In base 16, what is 1893b9 + -8?
1893b1
In base 12, what is -1328356 + 72?
-13282a4
In base 10, what is 205 - 900760?
-900555
In base 3, what is 11122212222122 - 1111?
11122212221011
In base 9, what is 162 + 6012?
6174
In base 2, what is 100000110000111110110011101 - -1100?
100000110000111110110101001
In base 3, what is -11110220 - -2221111?
-1112102
In base 13, what is -68b0 - -20ca?
-47b3
In base 2, what is 1111010000 + -1010101111110110?
-1010100000100110
In base 4, what is -1032 - -3212133203?
3212132111
In base 9, what is -46261 + -58?
-46330
In base 7, what is -421015 + 1025?
-416660
In base 11, what is 133a143 - -1?
133a144
In base 10, what is -1179149 + -4?
-1179153
In base 11, what is 72 + 148575?
148637
In base 13, what is -11178 - -50a0?
-90a8
In base 16, what is -20cfe0 - -5?
-20cfdb
In base 7, what is -21 + -111606612?
-111606633
In base 4, what is -2 + 111032120333222?
111032120333220
In base 6, what is -135 + -152550125?
-152550304
In base 14, what is -148d8799 + 1?
-148d8798
In base 12, what is -23 - -53489?
53466
In base 12, what is -8a + -26840?
-2690a
In base 4, what is -213223 + -101322?
-321211
In base 16, what is 3 - -138b8aa?
138b8ad
In base 5, what is 0 + 41020343310?
41020343310
In base 16, what is 10f4e - -8b7?
11805
In base 14, what is -4c2ab + -43?
-4c310
In base 15, what is -2b88 + -103e5?
-1307d
In base 8, what is -265755 - -754?
-265001
In base 15, what is ba3 + -8e8?
2aa
In base 3, what is 212 - -1122102012020?
1122102020002
In base 8, what is 4047 - -1622260?
1626327
In base 2, what is -1000110111001000011001000110 + 1?
-1000110111001000011001000101
In base 9, what is -5 - -71158152?
71158146
In base 9, what is -274636 + 273?
-274353
In base 13, what is 82857 + -5?
82852
In base 5, what is -310403412 - 2?
-310403414
In base 11, what is -3 + -14236557?
-1423655a
In base 3, what is 10 + 10200012110022010?
10200012110022020
In base 9, what is -16420 + 5077?
-11332
In base 8, what is 31 + 1537703?
1537734
In base 7, what is -6 + 26344153?
26344144
In base 3, what is -11 + -11120110010120011?
-11120110010120022
In base 8, what is -33705 + -5407?
-41314
In base 8, what is -41 + -53070?
-53131
In base 10, what is -3213 - -3788?
575
In base 3, what is 10 - -110100101100001?
110100101100011
In base 2, what is 11111010101100 - -1001100?
11111011111000
In base 12, what is 9b8 + a7a4?
b5a0
In base 14, what is -106 + 7a821?
7a719
In base 12, what is 5 + 1a76a1?
1a76a6
In base 12, what is 26906376a + -3?
269063767
In base 12, what is -1824b0 - 91?
-182581
In base 16, what is -4c73b2 + -e?
-4c73c0
In base 12, what is -30b913 - 1?
-30b914
In base 10, what is 0 + -149768262?
-149768262
In base 9, what is 7 + -41063558?
-41063551
In base 11, what is -5 + 81972a76?
81972a71
In base 7, what is 12415305 - -326?
12415634
In base 15, what is -52 + 1a47ad?
1a475b
In base 6, what is -13405 + 44010?
30201
In base 15, what is a423 - -1a77?
be9a
In base 2, what is -1110111111011111000111 + 101?
-1110111111011111000010
In base 6, what is 35542 - -103300?
143242
In base 14, what is 2424 + 595?
29b9
In base 11, what is -43 + 6426?
6393
In base 14, what is 40 + c80b4?
c8114
In base 14, what is -2cd8da - 2?
-2cd8dc
In base 2, what is -101 + -100010000000111101001000100?
-100010000000111101001001001
In base 7, what is -3 + 4224124?
4224121
In base 13, what is -67b57a2c + -5?
-67b57a34
In base 11, what is -183 + -3a32?
-4105
In base 8, what is -136 + -76615?
-76753
In base 3, what is -22 + 22010012000022122?
22010012000022100
In base 9, what is 11157068 + 1?
11157070
In base 4, what is 3301 + 10222201?
10232102
In base 13, what is -9b3c5a5 + 25?
-9b3c580
In base 7, what is -30451105 - -420?
-30450355
In base 6, what is -25333 + -535021?
-1004354
In base 7, what is 122352 - 41000?
51352
In base 14, what is -1a9a - 2ab?
-1d67
In base 4, what is 331030221 + 313?
331031200
In base 7, what is -253656421 + 2?
-253656416
In base 6, what is -15002023 - -203?
-15001420
In base 2, what is -100111110101110010111 - -1111?
-100111110101110001000
In base 2, what is -110101110101110 + 100101110?
-110101010000000
In base 8, what is 4533512 + -104?
4533406
In base 15, what is 73 - 720b4?
-72041
In base 7, what is 1 + 4314220?
4314221
In base 11, what is -3a86a24 - -2?
-3a86a22
In base 15, what is -18e7d0 - 5?
-18e7d5
In base 3, what is 10 - 2021120121111?
-2021120121101
In base 5, what is 0 - 13222204?
-13222204
In base 6, what is -503341 + 1101?
-502240
In base 6, what is 3001253341 - -4?
3001253345
In base 9, what is -148 - 458284?
-458443
In base 13, what is 1376a7c + 2?
1376a81
In base 10, what is -3 - 44647?
-44650
In base 4, what is 1031132232 - 0?
1031132232
In base 13, what is 174b - 271a?
-c9c
I